{"id":136,"date":"2017-12-11T11:27:18","date_gmt":"2017-12-11T11:27:18","guid":{"rendered":"http:\/\/www.vcelarstvipalka.cz\/?page_id=136"},"modified":"2017-12-11T11:27:18","modified_gmt":"2017-12-11T11:27:18","slug":"nabidka-vceli-jed","status":"publish","type":"page","link":"https:\/\/www.vcelarstvipalka.cz\/index.php\/nabidka-vceli-jed\/","title":{"rendered":"Nab\u00eddka V\u010cEL\u00cd JED"},"content":{"rendered":"<p>Na\u0161e aktu\u00e1ln\u00ed nab\u00eddka produkt\u016f s V\u010del\u00edm jedem<\/p>\n","protected":false},"excerpt":{"rendered":"<p>Na\u0161e aktu\u00e1ln\u00ed nab\u00eddka produkt\u016f s V\u010del\u00edm jedem<\/p>\n","protected":false},"author":1,"featured_media":0,"parent":0,"menu_order":0,"comment_status":"closed","ping_status":"closed","template":"","meta":{"ngg_post_thumbnail":0,"footnotes":""},"class_list":["post-136","page","type-page","status-publish","hentry"],"_links":{"self":[{"href":"https:\/\/www.vcelarstvipalka.cz\/index.php\/wp-json\/wp\/v2\/pages\/136"}],"collection":[{"href":"https:\/\/www.vcelarstvipalka.cz\/index.php\/wp-json\/wp\/v2\/pages"}],"about":[{"href":"https:\/\/www.vcelarstvipalka.cz\/index.php\/wp-json\/wp\/v2\/types\/page"}],"author":[{"embeddable":true,"href":"https:\/\/www.vcelarstvipalka.cz\/index.php\/wp-json\/wp\/v2\/users\/1"}],"replies":[{"embeddable":true,"href":"https:\/\/www.vcelarstvipalka.cz\/index.php\/wp-json\/wp\/v2\/comments?post=136"}],"version-history":[{"count":1,"href":"https:\/\/www.vcelarstvipalka.cz\/index.php\/wp-json\/wp\/v2\/pages\/136\/revisions"}],"predecessor-version":[{"id":137,"href":"https:\/\/www.vcelarstvipalka.cz\/index.php\/wp-json\/wp\/v2\/pages\/136\/revisions\/137"}],"wp:attachment":[{"href":"https:\/\/www.vcelarstvipalka.cz\/index.php\/wp-json\/wp\/v2\/media?parent=136"}],"curies":[{"name":"wp","href":"https:\/\/api.w.org\/{rel}","templated":true}]}}