{"id":91,"date":"2017-10-26T07:16:02","date_gmt":"2017-10-26T07:16:02","guid":{"rendered":"http:\/\/www.vcelarstvipalka.cz\/?page_id=91"},"modified":"2017-10-26T07:16:02","modified_gmt":"2017-10-26T07:16:02","slug":"nase-vcelnice","status":"publish","type":"page","link":"https:\/\/www.vcelarstvipalka.cz\/index.php\/nase-vcelnice\/","title":{"rendered":"Na\u0161e v\u010delnice"},"content":{"rendered":"<p>Na\u0161e v\u010delnice (trval\u00e9 i ko\u010dovn\u00e9) jsou um\u00edstn\u011bny v\u00fdhradn\u011b na vlastn\u00edch pozemc\u00edch v lokalit\u00e1ch s dostate\u010dnou a pestrou v\u010del\u00ed pastvou.<\/p>\n<p>STAR\u00c9 MESTO &#8211; foto a pastva<\/p>\n<p>BOR\u0160ICE &#8211; foto a pastva<\/p>\n<p>ST\u0158\u00cdBRNICK\u00c9 PASEKY &#8211; foto a pastva<\/p>\n<p>BUCHLOVICE &#8211; foto a pastva<\/p>\n","protected":false},"excerpt":{"rendered":"<p>Na\u0161e v\u010delnice (trval\u00e9 i ko\u010dovn\u00e9) jsou um\u00edstn\u011bny v\u00fdhradn\u011b na vlastn\u00edch pozemc\u00edch v lokalit\u00e1ch s dostate\u010dnou a pestrou v\u010del\u00ed pastvou. STAR\u00c9 MESTO &#8211; foto a pastva BOR\u0160ICE &#8211; foto a pastva ST\u0158\u00cdBRNICK\u00c9 PASEKY &#8211; foto a pastva BUCHLOVICE &#8211; foto a pastva<\/p>\n","protected":false},"author":1,"featured_media":0,"parent":0,"menu_order":0,"comment_status":"closed","ping_status":"closed","template":"","meta":{"ngg_post_thumbnail":0,"footnotes":""},"class_list":["post-91","page","type-page","status-publish","hentry"],"_links":{"self":[{"href":"https:\/\/www.vcelarstvipalka.cz\/index.php\/wp-json\/wp\/v2\/pages\/91"}],"collection":[{"href":"https:\/\/www.vcelarstvipalka.cz\/index.php\/wp-json\/wp\/v2\/pages"}],"about":[{"href":"https:\/\/www.vcelarstvipalka.cz\/index.php\/wp-json\/wp\/v2\/types\/page"}],"author":[{"embeddable":true,"href":"https:\/\/www.vcelarstvipalka.cz\/index.php\/wp-json\/wp\/v2\/users\/1"}],"replies":[{"embeddable":true,"href":"https:\/\/www.vcelarstvipalka.cz\/index.php\/wp-json\/wp\/v2\/comments?post=91"}],"version-history":[{"count":1,"href":"https:\/\/www.vcelarstvipalka.cz\/index.php\/wp-json\/wp\/v2\/pages\/91\/revisions"}],"predecessor-version":[{"id":92,"href":"https:\/\/www.vcelarstvipalka.cz\/index.php\/wp-json\/wp\/v2\/pages\/91\/revisions\/92"}],"wp:attachment":[{"href":"https:\/\/www.vcelarstvipalka.cz\/index.php\/wp-json\/wp\/v2\/media?parent=91"}],"curies":[{"name":"wp","href":"https:\/\/api.w.org\/{rel}","templated":true}]}}